t are the prime factors of s(-2)?
2
Let v = -2808 + 3983. List the prime factors of v.
5, 47
Let z = -4 - -6. Suppose -2*n = z*n + x - 8, -4*x + 21 = 5*n. List the prime factors of -4 + 3 - n*-38.
37
Suppose -8*s + 3*s = -715. What are the prime factors of s?
11, 13
Let d be (9/(-2))/(1/2). Let c(a) = 18 - 1018*a + 509*a + 510*a. What are the prime factors of c(d)?
3
Let n(u) = 123*u - 423. List the prime factors of n(16).
3, 5, 103
Let z(q) = -q**3 - q**2 + 3*q - 3. Let m be (-114)/8 - 6/8. Let b = -19 - m. List the prime factors of z(b).
3, 11
Let i = -16 - -13. Let u be 4/(i + 2/1). List the prime factors of u*12/15*-10.
2
Suppose b = 2*b + b. Suppose b = h + 25 - 63. List the prime factors of h.
2, 19
Let x(q) = -q**2 + 3*q + 1 - 13*q + 4 - 14. Suppose 3*o - o = 0, 0 = -4*f + 4*o - 24. What are the prime factors of x(f)?
3, 5
Let k(y) = 19*y**2 - 12*y - 33. What are the prime factors of k(-4)?
11, 29
Let o be (-932)/(-6) - 14/42. Let y = o + -80. What are the prime factors of y?
3, 5
Suppose -17654 = 22*b - 35*b. What are the prime factors of b?
2, 7, 97
Let b(t) = -78*t**3 - 2*t**2 - 9*t - 17. What are the prime factors of b(-3)?
2, 1049
Let q = -10 - -4. Let p(v) = 2*v**2 + 8*v + 6. Let y be p(q). Let f = y - 1. List the prime factors of f.
29
Let b = -18 + 22. Let m be 7 - ((-2)/7)/(2/(-14)). Suppose 7*k - 5*f = 2*k + 255, 0 = m*k - b*f - 260. List the prime factors of k.
2, 7
Let w = -63 - -59. List the prime factors of (-1 + 17)/(w/(-6)).
2, 3
Suppose -5*p - x = -0*p + 123, -4*p = x + 98. Let s(h) = 5*h - 1. Let k be s(-7). Let v = p - k. List the prime factors of v.
11
Let q be (3/5)/(3/(60/2)). Suppose -q*u + 229 = -17. List the prime factors of u.
41
Let m(k) = -2*k - 7. Let n be m(-5). Suppose -2*f - 9 = n. List the prime factors of f/6 + 47/1.
2, 23
Let i = 58 - 56. List the prime factors of ((-3)/i)/(69/(-3910)).
5, 17
Let p be (2601/12 - 1)*4. List the prime factors of p/5 - 4/(-10).
173
Let d(h) = 29*h**2 - 9*h + 6*h - 9*h**2. What are the prime factors of d(2)?
2, 37
Suppose 5*d = -b + 11, 2*b + 2*d - 22 = -d. Suppose -522 = -b*j + 5*j. List the prime factors of j.
3, 29
Suppose 5*s - 496 = 3*k + 222, 0 = -2*k + 8. Suppose s = 6*j - 16. What are the prime factors of j?
3
Let r = 568 - 486. What are the prime factors of r?
2, 41
Suppose 0 = -2*y - 5*u, -28 = 5*y - 2*u + 1. What are the prime factors of 255/6 - y/10?
43
Suppose 6651 = -35*h + 44*h. List the prime factors of h.
739
Let h(a) = a**2 + 9*a + 3. Let i be h(-8). Let v(c) = c**2 + 4*c. Let f be v(i). Suppose 0 = 5*w - 15, 0*w + 158 = f*b - 4*w. List the prime factors of b.
2, 17
Suppose 30 = 3*t - 3*q, -5*t - 2*q + 14 = 2*q. Suppose 5*f = -t*f + 1122. What are the prime factors of f?
2, 3, 17
Let a(v) = 3*v**2 - 13*v - 60. What are the prime factors of a(25)?
2, 5, 149
Let a be (-2)/(-6)*(-81)/9. Let w(n) = -15*n - 3. List the prime factors of w(a).
2, 3, 7
Let n(g) = -g**2 + 19*g + 1. Let v be n(13). Let r = v - 49. What are the prime factors of r?
2, 3, 5
Let s(y) = y + 12. Let i be s(-5). Let r = -13 + i. Let o(k) = -3*k + 1. List the prime factors of o(r).
19
Let n = 587 + 1378. List the prime factors of n.
3, 5, 131
Suppose -3*p - 1680 = -4*w, -3*p + 10 + 2 = 0. List the prime factors of w.
3, 47
Suppose -21*i - 294 = -24*i. Suppose i = a - 47. What are the prime factors of a?
5, 29
Suppose -8*o + 2599 = -5*o - 4*x, 3*x = 2*o - 1731. What are the prime factors of o?
3, 97
Let q be (35/(-15))/(1/(-6)). Let l = 64 - q. What are the prime factors of l?
2, 5
Suppose -3*g = g - 8. Let k be (6/(-15))/(g/(-10)). Suppose -k*t - 160 = -6*t. What are the prime factors of t?
2, 5
What are the prime factors of -10 - (-295307)/68 - 1/(-4)?
7, 619
Let k be (-4)/14 + 40/(-56). What are the prime factors of ((-135)/2 + k)/(2/(-4))?
137
Let r(o) = -o**2 + 5*o - 11. Let n be r(6). Let a = -13 - n. Suppose a*w = -c + 2*c - 45, -206 = -5*c + w. List the prime factors of c.
41
Suppose -p + 13 = 3*u, 3*u + 0*p + 2*p = 8. Let v be (-2)/(u/3) - -5. Suppose d - 14 = -i + 13, 0 = 4*i - v. List the prime factors of d.
2, 13
Let s(u) be the third derivative of u**4/12 + u**3/2 - u**2. Suppose 38 = 7*i - 4. List the prime factors of s(i).
3, 5
Let q = -1693 + 6469. List the prime factors of q.
2, 3, 199
Let g be -3*(3/(-7) + 23/21). What are the prime factors of 280/(-15)*-9 - (0 + g)?
2, 5, 17
Let p(x) = -x**3 - 11*x**2 - 11*x + 5. Let r be p(-10). Let j = 16 - r. List the prime factors of j/(-2)*(-12 - 0).
2, 3
Let i = 26 + -36. Let d be (-4)/i + (-14)/35. Suppose -2*q + 0*q + 60 = d. What are the prime factors of q?
2, 3, 5
Let d be 2*(-4 - (-14)/4). Let u = -101 - -181. What are the prime factors of 2 + d + u/4?
3, 7
Let k(h) = 75*h + 451. List the prime factors of k(7).
2, 61
Let x(u) = 2*u + 1. Let m(w) be the second derivative of w**3/2 + w**2/2 + 2*w. Let q(v) = -4*m(v) + 9*x(v). List the prime factors of q(3).
23
Let g(w) = w**2 - w - 7. Let l(k) = 2*k**2 - 3*k - 15. Let s(u) = 5*g(u) - 2*l(u). Let h be s(-8). Suppose -2*z + h = z. What are the prime factors of z?
17
Let q = -576 + 854. What are the prime factors of q?
2, 139
Suppose o = 3*u + 503, -u = 2*o - 332 - 653. What are the prime factors of o?
2, 13, 19
Suppose 10*y = 1471 + 949. Suppose 0*k + 3*a = -k + 126, 2*k + 4*a = y. What are the prime factors of k?
3, 37
Suppose 2*v - 3*a = 17, 0 = -4*a + 2*a + 6. Suppose 0 = j - 2*j + v. What are the prime factors of j?
13
Suppose r + r - 401 = 5*j, -25 = -5*j. What are the prime factors of r?
3, 71
Suppose -17088 = 123*h - 155*h. List the prime factors of h.
2, 3, 89
Suppose 8247 - 74287 = -52*f. List the prime factors of f.
2, 5, 127
Let u be 1757/5 - (-14)/(-35). Let l be (u/52)/(6/16). Suppose -2*t + 35 + 18 = n, n - 5*t - l = 0. What are the prime factors of n?
43
Let t be 6/12*(60 + 0). List the prime factors of (t/4)/((-9)/(-48)).
2, 5
Let z = 6 + -7. Let n be (2/3 + z)*6. Let q = n + 21. List the prime factors of q.
19
Let s = -131 - -218. Let c = s + -122. Let g = 63 + c. What are the prime factors of g?
2, 7
Let x = -12 - -21. Suppose 0 = 3*k, x*r = 5*r - 3*k + 24. Let c = r - 1. What are the prime factors of c?
5
Let k = -533 - 162. Let f = k + 1034. What are the prime factors of f?
3, 113
Let s(h) = 986*h**2 + 12*h + 15. List the prime factors of s(-2).
5, 787
Let r(o) = -6*o + 9. Let f(v) = -6*v + 8. Let j(p) = -6*f(p) + 5*r(p). Let g be j(2). Suppose -3*x = -45 - g. List the prime factors of x.
2, 3
Suppose -126 = 5*f + 54. List the prime factors of f/(-54) - (-115)/3.
3, 13
Let f(l) = l**2 - 2*l - 1. Let v be f(3). Suppose 7*c - 284 = -3*i + v*c, 3*i - 299 = -2*c. Suppose -5*m + 248 = i. What are the prime factors of m?
29
Let g(m) = m**2 + 7*m - 6. Let o be g(-8). Suppose -2*f + 2*h + o*h + 64 = 0, -f = -h - 32. Let b = f - 23. What are the prime factors of b?
3
Suppose 37 = 3*z - 233. Suppose -2*f + z = -8. List the prime factors of f.
7
Let d = 1959 + 200. What are the prime factors of d?
17, 127
Let r(u) be the first derivative of -u**2 + 12*u + 4. Let o be r(5). Suppose -w + 55 = -o. List the prime factors of w.
3, 19
Let p = 699 + -1104. Suppose -11*r = 2*r - 234. List the prime factors of 2/(-4) - p/r.
2, 11
Let w = 69 - 65. Suppose w*g = 968 - 164. What are the prime factors of g?
3, 67
Suppose -2*t + 33 = 3*v, -77 = -4*t + 3*v + 2*v. Let y = -12 + t. Suppose -3*z + 4*z = y. List the prime factors of z.
2, 3
Suppose -198 - 187 = -5*v. What are the prime factors of v?
7, 11
Suppose 17*d = 5*d - 24. List the prime factors of d/14*2 - 10950/(-105).
2, 13
Suppose -3*o = -4*f - 625 - 1282, -4*o + 2491 = 5*f. List the prime factors of o.
17, 37
Let k(j) = -13 + j**2 + 17*j - 26*j + 4. List the prime factors of k(-4).
43
Let i = 205 - -175. Suppose -3*r = -2*z - 748, -374 - i = -3*r + 5*z. What are the prime factors of r?
2, 31
Suppose 4*q + 5 = 3*c, 3*q - q - 11 = -3*c. Suppose -c*t = -t - 586. Suppose 0 = s + 2*m - 56, -s = 4*s - 3*m - t. What are the prime factors of s?
2, 29
Let c(l) = 17*l. Suppose 14 = -12*i + 19*i. What are the prime factors of c(i)?
2, 17
Let o be 2/4 + (-412)/(-8). Suppose -242 = -3*i + o. What are the prime factors of i?
2, 7
Suppose 43*l - 14680 = 14431. List the prime factors of l.
677
Let h(f) = f**2 + 86*f + 2. What are the prime 